 502?
499
What is the remainder when 328220 is divided by 148?
104
Calculate the remainder when 299085 is divided by 99584.
333
Calculate the remainder when 89278170 is divided by 78.
72
Calculate the remainder when 1369245 is divided by 1656.
1389
Calculate the remainder when 203496 is divided by 1938.
6
Calculate the remainder when 64416 is divided by 353.
170
What is the remainder when 555073 is divided by 2202?
169
Calculate the remainder when 3993968 is divided by 190180.
188
Calculate the remainder when 2374 is divided by 1023.
328
What is the remainder when 1898521 is divided by 42?
37
What is the remainder when 61200883 is divided by 1436?
1435
What is the remainder when 654014 is divided by 253?
9
What is the remainder when 88679 is divided by 17729?
34
What is the remainder when 29074624 is divided by 54?
52
Calculate the remainder when 177100370 is divided by 27.
26
What is the remainder when 1815870 is divided by 6174?
714
What is the remainder when 34533584 is divided by 158?
156
Calculate the remainder when 23798594 is divided by 228.
182
Calculate the remainder when 57502538 is divided by 89.
83
Calculate the remainder when 129365 is divided by 4318.
4143
Calculate the remainder when 235680 is divided by 8.
0
Calculate the remainder when 26477407 is divided by 181.
3
Calculate the remainder when 41511478 is divided by 459.
436
Calculate the remainder when 20460 is divided by 211.
204
What is the remainder when 71951877 is divided by 910?
907
Calculate the remainder when 581170 is divided by 290563.
44
Calculate the remainder when 16671104 is divided by 172.
4
Calculate the remainder when 120019 is divided by 39970.
109
What is the remainder when 55795 is divided by 4594?
667
Calculate the remainder when 8247593 is divided by 1422.
1415
Calculate the remainder when 1845576 is divided by 2911.
2
What is the remainder when 577723 is divided by 1751?
1644
What is the remainder when 260299 is divided by 86765?
4
What is the remainder when 8432510 is divided by 4?
2
Calculate the remainder when 192101 is divided by 3691.
169
What is the remainder when 48877 is divided by 8140?
37
What is the remainder when 85857 is divided by 294?
9
What is the remainder when 11596684 is divided by 94?
92
Calculate the remainder when 3989981 is divided by 300.
281
Calculate the remainder when 7025556 is divided by 2529.
2523
What is the remainder when 7347408 is divided by 7?
5
Calculate the remainder when 2897898 is divided by 569.
550
What is the remainder when 2718862 is divided by 302087?
79
Calculate the remainder when 26232425 is divided by 1981.
23
Calculate the remainder when 334785 is divided by 4586.
7
Calculate the remainder when 2272290 is divided by 22061.
7
What is the remainder when 62596 is divided by 3?
1
What is the remainder when 47191 is divided by 14705?
3076
What is the remainder when 698796 is divided by 698694?
102
What is the remainder when 993300 is divided by 13?
9
Calculate the remainder when 33812 is divided by 136.
84
Calculate the remainder when 1288230 is divided by 1288223.
7
Calculate the remainder when 29558676 is divided by 4094.
4090
Calculate the remainder when 54740303 is divided by 5619.
5
Calculate the remainder when 967040 is divided by 2572.
2540
Calculate the remainder when 130731 is divided by 40519.
9174
Calculate the remainder when 9126726 is divided by 3.
0
What is the remainder when 12218 is divided by 2012?
146
What is the remainder when 19323954 is divided by 2162?
2160
Calculate the remainder when 7162224 is divided by 2389.
2
What is the remainder when 1979445 is divided by 8607?
8442
Calculate the remainder when 163964 is divided by 743.
504
Calculate the remainder when 749898 is divided by 83275.
423
What is the remainder when 6898981 is divided by 102?
7
Calculate the remainder when 6748353 is divided by 1424.
17
Calculate the remainder when 21305 is divided by 376.
249
What is the remainder when 1384702834 is divided by 15622?
15620
Calculate the remainder when 184231 is divided by 580.
371
What is the remainder when 4554102 is divided by 22?
14
Calculate the remainder when 88148 is divided by 1048.
116
Calculate the remainder when 2206127 is divided by 539.
0
What is the remainder when 4952656 is divided by 1106?
1094
What is the remainder when 93902911 is divided by 966?
949
Calculate the remainder when 6928146 is divided by 103405.
11
What is the remainder when 27071 is divided by 2892?
1043
What is the remainder when 10696462 is divided by 2338?
112
What is the remainder when 199075 is divided by 11710?
5
What is the remainder when 173185 is divided by 2111?
83
What is the remainder when 165828 is divided by 1029?
159
What is the remainder when 1597868 is divided by 538?
8
Calculate the remainder when 1806706 is divided by 5345.
96
What is the remainder when 3659383 is divided by 428?
411
What is the remainder when 102586 is divided by 99242?
3344
Calculate the remainder when 1457541 is divided by 43.
13
Calculate the remainder when 100683 is divided by 4012.
383
Calculate the remainder when 532965 is divided by 6059.
5832
What is the remainder when 18910009 is divided by 12400?
9
What is the remainder when 141849719 is divided by 45?
44
What is the remainder when 1206 is divided by 77?
51
What is the remainder when 204854 is divided by 9043?
5908
What is the remainder when 209112163 is divided by 118?
115
What is the remainder when 565298 is divided by 3207?
866
Calculate the remainder when 19697231 is divided by 1530.
11
Calculate the remainder when 64773 is divided by 15765.
1713
What is the remainder when 406164 is divided by 2348?
2308
What is the remainder when 242178 is divided by 9686?
28
What is the remainder when 1476967 is divided by 703?
667
What is the remainder when 783520 is divided by 7851?
6271
What is the remainder when 69298248 is divided by 13859647?
13
What is the remainder when 5214502 is divided by 168209?
23
Calculate the remainder when 949395815 is divided by 24.
23
What is the remainder when 386827 is divided by 2562?
2527
What is the remainder when 663415 is divided by 953?
127
What is the remainder when 89661 is divided by 996?
21
What is the remainder when 1396434 is divided by 149?
6
Calculate the remainder when 28634737 is divided by 2.
1
What is the remainder when 16372391 is divided by 757?
752
Calculate the remainder when 1098557 is divided by 25.
7
Calculate the remainder when 26628455 is divided by 3328556.
7
Calculate the remainder when 1352671 is divided by 6974.
6689
What is the remainder when 27517381 is divided by 3331?
3321
What is the remainder when 95554 is divided by 8683?
41
What is the remainder when 1179893 is divided by 31049?
31
What is the remainder when 28108 is divided by 6508?
2076
What is the remainder when 57846416 is divided by 454?
6
What is the remainder when 65827299 is divided by 3134633?
6
Calculate the remainder when 2802138 is divided by 31.
17
What is the remainder when 48700897 is divided by 3033?
16
Calculate the remainder when 18071778 is divided by 322710.
18
What is the remainder when 2817420 is divided by 1408602?
216
What is the remainder when 285193 is divided by 142346?
501
Calculate the remainder when 2534728 is divided by 1019.
475
What is the remainder when 9300331 is divided by 321?
319
Calculate the remainder when 867129 is divided by 6422.
159
What is the remainder when 10264445 is divided by 30?
5
What is the remainder when 21938 is divided by 3414?
1454
What is the remainder when 213335 is divided by 189?
143
What is the remainder when 2444170 is divided by 128?
10
Calculate the remainder when 71826019 is divided by 331.
12
Calculate the remainder when 327814823 is divided by 65.
63
What is the remainder when 3760380 is divided by 197914?
14
What is the remainder when 12882153 is divided by 12882122?
31
Calculate the remainder when 134584 is divided by 1190.
114
Calculate the remainder when 150787 is divided by 797.
154
What is the remainder when 84165112 is divided by 9?
1
Calculate the remainder when 198831359 is divided by 4160.
4159
Calculate the remainder when 2038794 is divided by 226526.
60
Calculate the remainder when 8476190 is divided by 12374.
0
Calculate the remainder when 5104759 is divided by